osite number?
False
Suppose -2193 = -7*s - 10264. Let j = 1784 + s. Is j a composite number?
False
Suppose 3*b + f - 560007 = 0, -2*b + 5*f + 295835 + 77537 = 0. Is b a composite number?
False
Let h be (-1*9)/(17 - 20). Let i be 6*(-3)/(-27)*6. Suppose 0 = h*j - i*n - 154 - 207, 0 = -4*j + 2*n + 498. Is j a composite number?
False
Let t = -23 + 28. Suppose s + 2*k + k - 6297 = 0, t*s = -3*k + 31497. Suppose -3*w = -2*f + 4189, s = -f + 4*f + w. Is f a composite number?
False
Let w(b) be the second derivative of -2*b - 13/2*b**2 - 1/3*b**3 + 0 + 1/6*b**4. Is w(-11) composite?
False
Suppose 3*c + 0*c - 5*k - 6661 = 0, 0 = 5*c + k - 11055. Suppose 6*g - c = 2*g. Is g prime?
False
Suppose n - 8 = -6. Suppose -3*v + 4123 = -4*j, 2*j + 2752 = n*v - 0*v. Is v a composite number?
False
Let n be -8 - (-3 - 57/3). Suppose -3*h = -9, -n*q + 133290 = -11*q - 5*h. Is q prime?
False
Suppose -s + 263609 = -2*k, -58*k = 5*s - 55*k - 1317980. Is s a composite number?
True
Let y(d) be the first derivative of -d**4/4 - 2*d**3 - 3*d**2/2 + 2*d - 7. Let u be y(-4). Is (-120)/u + 6/(-9) a prime number?
False
Let q(r) = r**2 - 9*r + 9. Let g be q(7). Let z be 0 - g/(10/8). Suppose -w = z*w - 4765. Is w a composite number?
False
Suppose -v - 6*g - 1080 = -g, -3*g + 15 = 0. Let w = -646 - v. Let u = 862 - w. Is u a composite number?
True
Suppose -9*o + 16 = 4*i - 5*o, 0 = -5*i - 2*o + 5. Let a be (-3*6/27)/(i/(-3)). Is (5/(25/(-19010)))/a prime?
True
Let s = 358 - 325. Suppose 74488 = -25*j + s*j. Is j a prime number?
True
Let l = 452998 + -293197. Is l composite?
True
Let j(w) = 12*w + 65. Let m(s) = -3*s - 16. Let b(h) = 6*j(h) + 26*m(h). Let u be b(-5). Suppose -2*d = -2*i + 1774, u*i - i + d - 2669 = 0. Is i prime?
False
Suppose n - 4*i - 120266 = -i, -240482 = -2*n - 4*i. Is n composite?
True
Suppose 0 = l + 4*c - 28809, -4*l = 20*c - 19*c - 115311. Is l prime?
False
Suppose -34*b - 122259 = -682001. Is b composite?
True
Let l be (1 + 1)*94985/(-22). Is l/(-8) - 5/80*6 a prime number?
False
Let q(o) = o**3 + 30*o**2 + 158*o + 73. Is q(26) a prime number?
False
Let i(a) = 962*a - 7. Let l(n) = -962*n + 6. Let s(y) = -4*i(y) - 3*l(y). Let b be s(-2). Suppose -p = -v + 1928, -p = -3*v + 4*v - b. Is v a prime number?
True
Let p be (-5)/(-3) - 8/(-6). Is (3/9*p)/((-1)/(-4789)) a composite number?
False
Let t = 796421 + -547284. Is t a composite number?
True
Suppose -683120 = -16*m + 393872. Is (-58)/290 - (-1)/(10/m) composite?
True
Let q(a) = -202*a - 107. Suppose 5*k + 77 = -3*t + 10*k, 2*t + 3*k = -45. Is q(t) composite?
True
Let z = -6 - -10. Suppose -7*b - 8478 = -z*b. Is 8/10 + b/(-30) a composite number?
True
Let r be 2/(-4)*300/15. Let s be (-19 - -20)*r/((-1)/(-1)). Let k(i) = -99*i - 19. Is k(s) a prime number?
True
Suppose 7*h - 27 = -2*h. Suppose 2*w - 20 = 5*p, h*p - 3*w + 4*w = -12. Is 88/1 + p + 1 a composite number?
True
Let j = 219156 + -96235. Is j prime?
True
Let f = -1181967 + 1723016. Is f prime?
True
Suppose 394960 = -77*a + 5199837. Is a composite?
False
Let m be (-910)/(-98) - 4/14. Suppose -174320 = m*o - 25*o. Is o a prime number?
False
Let o(b) = b**2 - 29*b + 85. Let x be o(26). Suppose 4*m = x*a - 3*a + 4140, -5*m + 2*a + 5187 = 0. Is m a prime number?
True
Suppose -54*b + 58*b = 60. Let h(r) = -r**3 + 15*r**2 + 18*r + 61. Is h(b) prime?
True
Let t(j) = 64*j**2 - 4*j - 1. Suppose o = -2*o, 0 = -2*f + o + 14. Suppose -f*b + 6*b = -3. Is t(b) a prime number?
True
Let k(x) = 4*x**3 + 5*x**2 - x + 1. Let s(r) = 3*r**3 + 4*r**2 + 1. Let q(c) = 2*k(c) - 3*s(c). Let t be q(-1). Suppose t*u = -3*u + 255. Is u composite?
True
Is 4 + -4 + 43675 + 3 a prime number?
False
Let i be (-10)/(((-24)/42)/((-2)/(-7))). Suppose -1346 = -m - i*f, -6*m + 5*m + 2*f + 1367 = 0. Is m prime?
True
Is (-1)/(4575430/1525145 - ((-24)/(-8) + 0)) a prime number?
True
Suppose 0 = 135*t - 92*t - 5104315. Is t a prime number?
False
Suppose 4*c + 171 = a, -2*a + 4*a - c = 328. Let n(k) = k**2 + 18*k - 85. Let i be n(21). Let t = i - a. Is t prime?
True
Let b(p) = p**2 + 10*p + 10. Suppose t - 2*t - 5*z = -16, 3*t = 4*z - 47. Let k be b(t). Is ((-7)/28)/(k/(-1228)) a composite number?
False
Let a(k) = 58*k**2 - 79*k - 820. Is a(-11) prime?
False
Let o be (3 - (3 - -2)) + 2. Suppose 3*m + 4 = 28. Suppose o = -m*h + 5*h + 363. Is h prime?
False
Let y = -1 + -3. Let b(q) = -3272*q + 2*q**2 + 1635*q + 2*q**2 - 6 + 1631*q. Is b(y) a prime number?
False
Is ((-117)/429 + 62/66)*202029/2 prime?
True
Suppose -49*h + 276320 + 550359 = 0. Is h composite?
False
Let k = -489 + 492. Suppose 3*i = -k*a + 1176, -3*a + 1000 + 171 = 4*i. Is a a composite number?
False
Let c(b) = 1. Let m(d) = -d**2 + 11*d - 77. Let o(s) = -3*c(s) - m(s). Is o(11) a composite number?
True
Suppose -572963 - 360823 = -206*h + 80*h. Is h prime?
True
Is ((-7434)/(-168))/((-12)/8)*-82 a composite number?
True
Let n be (-4830 - 7 - 7)*(-3)/6. Suppose -445*l = -438*l - n. Is l a prime number?
False
Let d(r) = -35 + 13 - 1013*r - 16. Is d(-5) prime?
False
Let t(q) = -87*q**3 - 13*q**2 - 51*q - 7. Is t(-6) prime?
False
Let b(j) = 2*j**3 - 49*j**2 + 26*j - 49. Let n be b(24). Is (n - -2)/5 + 1993024/380 a prime number?
False
Suppose -5*r - 1048382 = -2*k - 4632313, 4*r + k = 2867124. Is r prime?
True
Let z(s) = 3*s**2 - 59*s + 1025. Is z(17) a composite number?
True
Let j = 820 + -299. Suppose -j*v = -526*v + 71845. Is v a prime number?
True
Let o be -3*3/(-9) - (-8705 + -1). Suppose 11*t - o = 3*b + 6*t, -2 = -t. Let g = -1276 - b. Is g a prime number?
False
Suppose 20 = -5*j, 0*h + 5*h + 3*j + 177 = 0. Let r = 146 - h. Is r composite?
False
Let f(h) = 0*h**2 + 0 + 7*h + 53*h**3 - 6*h**2 + 1. Suppose -4*l + 12 = 0, -g + 8 = -5*l + 20. Is f(g) composite?
False
Let g(j) = 7*j**3 + 6*j**2 + 3*j - 1. Let s = 32 + -35. Let c be 30/(-3)*1/(-5 - s). Is g(c) a composite number?
False
Suppose 3*j = -4*i + 63541, -11*j + 15*j - 84711 = 5*i. Is j a prime number?
True
Let v(l) = l**2 + 2. Let d be v(2). Let n be (d - -1)/((-7)/(-21)). Is 3/n + 580/7 a prime number?
True
Let o(s) = 70*s**2 - 59*s**3 - 33*s**3 + s - 1 - 75*s**2 + 0*s. Is o(-3) a composite number?
True
Let v(n) = -11*n**2 + 8*n + 72. Let h be v(12). Is 4/(-10) - 1*h/15 composite?
True
Is (((-4662174)/(-24))/(-11))/((-1)/4) composite?
False
Let z = -6092 - -56083. Is z composite?
False
Let p = -49 + 78. Suppose -4*t - 2*b - p = 3*b, 2*t - b = 3. Let q(w) = -2331*w + 2. Is q(t) a prime number?
True
Suppose -18*k + 257852 = 15068. Is (-20)/(-140) - k/(-7) composite?
True
Let x(k) = -k**3 + 52*k**2 + 427*k + 205. Is x(-54) a composite number?
False
Let b(f) = -281*f + 70. Suppose 7*w - 4*w - 114 = 5*p, -p - 3*w - 12 = 0. Is b(p) a composite number?
True
Suppose 34192 = 4*s + 4*n, -4*s - 54*n + 34194 = -52*n. Is s a composite number?
True
Let o(w) = -495*w - 209. Let p(x) = 496*x + 211. Let z(y) = 4*o(y) + 3*p(y). Is z(-16) prime?
True
Let f(v) = -3*v**2 - 5*v - 7. Let r be f(-5). Let l = -40 - r. Suppose 1987 = l*t - 16*t. Is t a composite number?
False
Is 2/(-5) - (-34 + 36 + (-468028)/20) composite?
False
Let b = -133 + 133. Suppose 9*l + 3*g - 4252 = 4*l, 5*l - 4*g - 4259 = b. Is l prime?
False
Let i be (46 + -44)*3*-1. Is 60/(-24) - 110061/i composite?
False
Suppose -4 - 24 = -4*r + 2*o, 5*o - 29 = -r. Is r/6*6350 + 2 + 0 a prime number?
False
Is (-333653325)/(-345) + (-11 - 1757/(-161)) composite?
False
Let u(k) = 3*k + 27. Let d be u(-9). Suppose -2*n = -3*p + 8114, 2*n - 10814 = -4*p - d*n. Suppose p - 924 = 4*g. Is g composite?
True
Suppose -3*k - 159992 = -5*d, 4*d + 11653 - 139646 = 3*k. Is d prime?
False
Is (-1)/4 + 961/(-124) - -7261 composite?
False
Let n(j) = -j**3 - 7*j**2 - 13*j + 19. Let g(b) = -b**3 + b - 12. Suppose -3*s = s - 5*s. Let k be g(s). Is n(k) a prime number?
False
Suppose 54175398 = 97*a + 3044467. Is a a composite number?
False
Suppose 3*n = -6*n + 360. Suppose -4*v = 3*a - 38, -5*a + n = 4*v - a. Suppose v*i = 3*i + 2915. Is i a composite number?
True
Let q be -3 + (-53)/(-17) - 249/(-51). Suppose i = -x + 1563, -3*i - 1563 = -6*x + q*x. Is x a composite number?
True
Suppose -2*m + 45 = -0*q + 5*q, 0 = -3*q + 5*m - 4. Let z be 22/7 + (-1624)/1421. Suppose -2650 = -z*f + 3*c, q*c + 12 = 4*c. Is f prime?
True
Let b(d) be the second deri